{"id":28,"date":"2018-02-19T14:27:42","date_gmt":"2018-02-19T14:27:42","guid":{"rendered":"http:\/\/localhost\/albo\/?page_id=28"},"modified":"2021-10-26T11:11:54","modified_gmt":"2021-10-26T11:11:54","slug":"home","status":"publish","type":"page","link":"https:\/\/www.albo-verwaltung.ch\/","title":{"rendered":"Home"},"content":{"rendered":"<h1 class=\"alignnone\"><img loading=\"lazy\" decoding=\"async\" class=\"alignnone wp-image-88\" src=\"https:\/\/www.albo-verwaltung.ch\/wp-content\/uploads\/2018\/02\/coins-currency-investment-insurance_smaller.jpg\" alt=\"\" width=\"735\" height=\"489\" \/><\/h1>\n<h1><strong>Sie haben Ideen und Fragen &#8211; wir haben die L\u00f6sungen.<\/strong><\/h1>\n<p><span style=\"\">Wir stehen f\u00fcr<\/span><br \/>\n<span style=\"\"><strong>pers\u00f6nli<\/strong><\/span><strong>ch &#8211; engagiert &#8211; kompetent &#8211; unabh\u00e4ngig<\/strong><\/p>\n<p>&nbsp;<\/p>\n","protected":false},"excerpt":{"rendered":"<p>Sie haben Ideen und Fragen &#8211; wir haben die L\u00f6sungen. Wir stehen f\u00fcr pers\u00f6nlich &#8211; engagiert &#8211; kompetent &#8211; unabh\u00e4ngig &nbsp;<\/p>\n","protected":false},"author":1,"featured_media":0,"parent":0,"menu_order":0,"comment_status":"closed","ping_status":"closed","template":"","meta":{"footnotes":""},"class_list":["post-28","page","type-page","status-publish","hentry"],"_links":{"self":[{"href":"https:\/\/www.albo-verwaltung.ch\/index.php\/wp-json\/wp\/v2\/pages\/28","targetHints":{"allow":["GET"]}}],"collection":[{"href":"https:\/\/www.albo-verwaltung.ch\/index.php\/wp-json\/wp\/v2\/pages"}],"about":[{"href":"https:\/\/www.albo-verwaltung.ch\/index.php\/wp-json\/wp\/v2\/types\/page"}],"author":[{"embeddable":true,"href":"https:\/\/www.albo-verwaltung.ch\/index.php\/wp-json\/wp\/v2\/users\/1"}],"replies":[{"embeddable":true,"href":"https:\/\/www.albo-verwaltung.ch\/index.php\/wp-json\/wp\/v2\/comments?post=28"}],"version-history":[{"count":108,"href":"https:\/\/www.albo-verwaltung.ch\/index.php\/wp-json\/wp\/v2\/pages\/28\/revisions"}],"predecessor-version":[{"id":484,"href":"https:\/\/www.albo-verwaltung.ch\/index.php\/wp-json\/wp\/v2\/pages\/28\/revisions\/484"}],"wp:attachment":[{"href":"https:\/\/www.albo-verwaltung.ch\/index.php\/wp-json\/wp\/v2\/media?parent=28"}],"curies":[{"name":"wp","href":"https:\/\/api.w.org\/{rel}","templated":true}]}}